 z(b) = -b**2 + 4*b - 5. Let v(j) = -4*o(j) + z(j). Let q = 26 - 15. Let g = -12 + q. What is v(g)?
-2
Let d(g) = 4*g - 1. Let h be 217/248 + (-2)/(-16). Calculate d(h).
3
Let v(z) = -2 - 23*z + 4*z + 28*z. Calculate v(-2).
-20
Suppose -9 - 1 = -5*p. Let y(r) be the first derivative of 4*r**3/3 - r**2 + r - 26. Calculate y(p).
13
Let o(d) = -2*d + 9. Let m(x) be the first derivative of x**2/2 + 10*x - 1. Let g = 775 + -779. Let h be m(g). Determine o(h).
-3
Let t = -86 - -86. Let x(b) = -b**2 + 3 + t*b + 6*b + 0*b + b. Determine x(8).
-5
Let z(j) = 8*j - 28. Let a(u) = -u + 3. Let r(x) = -6*a(x) - z(x). What is r(6)?
-2
Let o = -23 - -25. Let u(s) = 5*s + 4*s - 12*s + 6 - s**3 + 4*s**o. Suppose 16 = -z + 5*w, 2*z + 2*z - 4*w = 0. Determine u(z).
-6
Let a(c) be the third derivative of -c**5/60 - c**4/24 + c**3/3 - 41*c**2 - 5*c. Give a(3).
-10
Let h = 80 - 77. Suppose 3*y + w - 6*w = 27, y = -h*w - 5. Let b(u) = -u**3 + 3*u**2 + 4*u - 2. Determine b(y).
-2
Let d(s) = s**3 - 15*s**2 - s + 13. Suppose z + 213 = 228. Determine d(z).
-2
Let n = -1 - 7. Let h(o) = 3*o**2 + 23*o - 5. Let v(m) = 4*m**2 + 31*m - 4. Let b(p) = 5*h(p) - 4*v(p). Calculate b(n).
-1
Suppose 0 = -j - j + 4. Let r(b) be the second derivative of -b**5/60 + b**3/3 - 4*b**2 + 6*b. Let w(d) be the first derivative of r(d). Give w(j).
-2
Let n(i) = i**2 + 11 - 10 + 0*i**2 - 2*i**2 + 6*i. Let c be n(5). Let y(b) = -b + 5. What is y(c)?
-1
Let q(i) = i**3 - 4*i**2 + 2*i + 2. Suppose 2*f + 5*n - 461 = -f, 4*f - 2*n - 580 = 0. Suppose 2*m - 151 = -f. Calculate q(m).
-2
Suppose 2 = 4*w + 18, -4*w - 11 = h. Let l(m) be the second derivative of m**4/12 - m**3/3 - m**2/2 + m. Determine l(h).
14
Let k(h) be the first derivative of h**4/4 - 4*h**3/3 - 5*h**2/2 - 3*h + 1. Let p(a) = a**3 + 43*a**2 + 132*a + 485. Let v be p(-40). What is k(v)?
-3
Let o(l) = -l**2 - 13*l - 15. Let x(p) = p**3 + 4*p**2 + 6*p - 3. Let k be x(-3). Determine o(k).
-3
Let w(g) = g. Let v be (-88)/(-14) + (-64)/224. Calculate w(v).
6
Let f(g) = -4*g**3 - 5*g**2 + 7*g + 7. Let t(v) = -5*v**3 - 6*v**2 + 8*v + 8. Let o(b) = 7*f(b) - 6*t(b). Give o(2).
23
Let i(j) be the third derivative of j**3 + 1/60*j**5 - 25*j**2 + 1/4*j**4 + 0*j + 0. What is i(-4)?
-2
Let b(r) = -2*r - 15. Let z be b(-9). Suppose 5*o = z*u + 24, 0 = -0*o - 3*o + 5*u + 24. Let d(m) = m**3 - 4*m**2 + 4*m - 3. Give d(o).
0
Let x(w) = 5*w + 48. Let b(r) = -8*r - 76. Let k(m) = 7*b(m) + 11*x(m). Let l = 9 - 4. Suppose 11 - 46 = -5*t - l*a, 5 = 5*a. Calculate k(t).
-10
Let d(b) = -2*b**2 - 22*b - 1. Suppose r + 58 = 47. Calculate d(r).
-1
Let f(b) = b - 5. Let l be f(8). Suppose 9*y - l = 8*y. Let j(n) = 5 - 2*n**3 + 0*n**3 + 0*n**y + 3*n**3 - 3*n + 3*n**2. What is j(-4)?
1
Let v(f) be the third derivative of -f**5/60 - f**4/4 - f**3 - f**2. Suppose 75*i + 231 + 69 = 0. Give v(i).
2
Let b(i) = 11*i - 731. Let m be b(67). Let s(g) = 3*g**2 - 20*g + 7. Determine s(m).
-5
Let j(l) = 2*l - 6. Let o = -8 + 27. Let w = o - 14. Determine j(w).
4
Let x(y) = 0*y**2 + 2 - y**3 - 64*y + 70*y - 2*y**2. Determine x(-4).
10
Let w = -1244 + 1250. Let t(h) = -3*h + 7. Give t(w).
-11
Let l(o) = -16*o**3 - o**2 - 13*o - 17. Let z(v) = 7*v**3 + 6*v + 8. Let w(m) = -4*l(m) - 9*z(m). Suppose -35 = 5*y - 5*j, -4*y + 5*j = -2*y + 26. Give w(y).
11
Let b(l) = 2*l**3 + 9*l**2 - 3*l - 4. Let k(w) = -w**3 - 2*w**2 + w + 1. Let s(y) = b(y) + 3*k(y). Give s(3).
-1
Let b(i) be the third derivative of -11*i**5/30 + i**4/24 + i**2 - 5*i. What is b(1)?
-21
Let u = -16 + 10. Let b(q) be the first derivative of -q**5/120 - 3*q**4/8 + 3*q**3 + 8. Let y(l) be the third derivative of b(l). Calculate y(u).
-3
Let p(n) = n**3 + 5*n**2 + 3*n + 2. Let j be -2 + 3 - -1*2. Suppose -j*u + 4*a - 66 = 0, 66 = u - 4*u + a. Let z = -27 - u. Give p(z).
-13
Let y(m) = -9*m - 3. Let x be y(-1). Let f(r) = -5 - 8*r**3 - 4*r**2 + x*r**2 + 9*r**3 + 6*r**2 - r. Calculate f(-8).
3
Let y(t) be the second derivative of t**6/360 + 31*t**4/12 - 21*t. Let q(b) be the third derivative of y(b). Determine q(5).
10
Let c(r) = 2*r + 4. Let w(u) = -u - 2. Let g(k) = -6*c(k) - 10*w(k). Let x be 2 - 26*(-1)/(-2). Let i = -8 - x. Calculate g(i).
-10
Let c(u) be the first derivative of -u**4/4 - u**3 - u**2 - u + 33. Give c(-2).
-1
Let h(c) be the second derivative of -c**5/20 - c**4/2 + c**3/2 - c**2 + 215*c. Give h(-6).
-20
Let v(s) be the first derivative of -s**2/2 + 25*s - 24. What is v(21)?
4
Let l(t) = -t + 2. Let o be l(0). Suppose -g = o*g - 6. Let v(n) = 2*n - g*n**2 + 4*n**2 - n**2. What is v(-3)?
3
Let l be 4 - (0/5 - 4/2). Suppose 0 = -10*y + 8*y + l. Let k(g) = g**3 - 2*g**2 - 3*g. Calculate k(y).
0
Let v(s) = s**3 + 9*s**2 - 10*s + 1. Let t be v(-10). Let k(o) = -8*o**3 + 2*o - 1. What is k(t)?
-7
Let x(q) = q - 5. Let d be 8/(-16)*-1*(-6 - -4). Calculate x(d).
-6
Suppose 0 = 6*o - 42*o + 144. Let p(l) = l**3 - 6*l**2 + l - 2. Give p(o).
-30
Suppose r - 3 = -9. Let w(v) = -4*v**2 - 6*v + 6. Let h(z) = z**2. Let m(o) = -3*h(o) - w(o). Let s(u) be the first derivative of m(u). Determine s(r).
-6
Let c(s) = 59*s - 6 - 70*s - 3 - s**2. Determine c(-11).
-9
Let y(a) be the first derivative of -a**5/20 - 5*a**4/12 - a**3/6 + a**2/2 + 4*a + 13. Let o(p) be the first derivative of y(p). Calculate o(-4).
-11
Let r = 994 + -1004. Let u(n) = -n**2 - 12*n + 1. Calculate u(r).
21
Let w(f) = -20*f**2 + 7*f + 16. Let t(o) = -3*o**2 + o. Let b(n) = 6*t(n) - w(n). Calculate b(0).
-16
Let b(p) be the first derivative of -1/30*p**5 + 0*p - 3 - 1/24*p**4 + 0*p**2 + 5/3*p**3. Let y(r) be the third derivative of b(r). Determine y(-2).
7
Let l(v) = -3*v - 21. Let u(o) = -20*o - 126. Let z(c) = 13*l(c) - 2*u(c). Determine z(11).
-10
Let v(r) be the second derivative of r**5/20 - r**4/2 - 2*r + 18. What is v(6)?
0
Let w(f) = f**3 - 6*f**2 + 6*f + 2. Let s be w(5). Let z(y) = -7*y - 815254*y**3 - 7 + 6*y**2 + 815253*y**3 + 14*y. Calculate z(s).
-7
Let y(t) = -17*t**3 + 2*t - 1. Suppose -53*i + 58*i - 25 = 0. Let o(b) = -b + 6. Let n be o(i). Determine y(n).
-16
Let i(h) = 4*h + 7. Let p(a) = -3*a - 6. Let y(s) = 2*i(s) + 3*p(s). Give y(0).
-4
Let x(c) = 13*c + 4. Let v be 1/((2 + -4)/(-2)). Let n(a) = a + 1. Let i(k) = v*x(k) - 5*n(k). What is i(-1)?
-9
Let l be -2 - 2/(6/9). Suppose 30 = 5*y - 5*g, -2*y + 0*y - g + 3 = 0. Let a(o) = 4*o**2 - 5 + 0*o**y - 5*o + 0*o**3 + o**3. Give a(l).
-5
Let c be 3/(2/4*2). Let d be 6/30 + -3*12/(-20). Let k(y) = -5 + c*y - 3*y + 0 - d*y. Determine k(-6).
7
Let u(y) be the second derivative of -y**5/20 + y**4/12 - y**3/3 + 2*y**2 + 452*y. Calculate u(2).
-4
Let j(q) = -2*q**2 + 3*q + 3. Suppose 12*b - 1576 = -1636. What is j(b)?
-62
Let n(h) = -2*h**3 - 182*h**2 + 241*h**2 + 2 - 62*h**2. Let c = 7 - 5. Let l be (4/c - 4) + 0. Give n(l).
6
Let d(j) = 4*j - 1. Suppose -15 + 6 = -3*x. Let i be (120/25 - x) + 1/5. Determine d(i).
7
Let z(q) = q**2 - 3*q - 1. Let g be z(-1). Let p(o) = -1 + 3*o - 2 + 1. Determine p(g).
7
Let j(m) = 11*m - 21. Let l(h) = 7*h - 14. Let a(q) = -5*j(q) + 8*l(q). Suppose 4*v - 26 + 2 = 0. Determine a(v).
-1
Suppose -4*o = 13*o + 26*o - 258. Let b(i) = -i**2 + 3*i - 5. Let v(u) = 2*u**2 - 5*u + 9. Let q(m) = -7*b(m) - 3*v(m). Calculate q(o).
8
Let k(r) = r - 6. Let x(p) = -12*p + 39. Let d(f) = 6*k(f) + x(f). Calculate d(-3).
21
Let g(m) = 2*m - 2. Let t be (-2)/2*-14*8. Suppose 0*z + 88 = 3*z - 2*p, -4*p - t = -4*z. Let h = -29 + z. Calculate g(h).
4
Let a(t) = t**2 - t + 1. Suppose 0 = -18*x + 7*x + 407. Let r = -34 + x. Determine a(r).
7
Let h(l) = -l**3 + 6*l**2 + 7*l + 2. Let k be h(7). Let c be (6/9)/k*0. Let r(j) = -j**2 + 7*j - 8*j + 5 - 2. Calculate r(c).
3
Suppose k = 3*a + 2*k - 31, -5*k = -4*a + 35. Suppose -7*o = -a*o. Let g(y) = -y**3 + y**2 - 23. Calculate g(o).
-23
Let o(r) = 2*r**2 - 10*r + 7. Suppose -5*j + 10 = 5*y, -614*y + 609*y = -5*j + 50. Give o(j).
19
Let z(c) = -c**3 + 2*c + 1. Let o be z(-2). Let y(x) = x**2 - 6. Give y(o).
19
Let a(d) be the first derivative of 1 - 1/120*d**6 - 7/60*d**5 - 7/2*d**2 - 1/4*d**4 - 1/6*d**3 + 0*d. Let k(z) be the second derivative of a(z). Give k(-6).
-1
Let q(h) = h**3 - 5*h**2 - 8*h + 4. Let i(r) = -r**2 + 13*r - 16. Let a be i(11). Let g be q(a). Let c(t) = -t**3 - 9*t**2 - 7*t. What is c(g)?
-8
Suppose 4*a + a -